*v - 8345, -4*v + 18199 = 5*q. Suppose 6*g = 656 + v. Suppose -3*n + 1665 = -3*b - g, -5*n + 4202 = b. Is n a composite number?
True
Let p be ((-16)/(-36))/2 + 76/(-18). Let w(d) = -234*d + 53. Is w(p) composite?
True
Suppose 3*v - 703*s = -706*s + 20016, 33364 = 5*v + s. Is v a prime number?
True
Is (9/(-6) + 1)*(-2017086)/(3 - 0) a prime number?
True
Let k(n) = -n**2 - 449*n - 17. Is k(-122) a composite number?
False
Let v(s) = 86*s + 60 + 43 + 80*s - 34*s. Is v(9) a prime number?
True
Suppose -4*v = -d + 1925, -135*d + 3830 = -133*d + 2*v. Let j = 5823 + -2545. Let l = j - d. Is l a prime number?
True
Let p(s) = 109*s**3 + 27*s**2 - 113*s + 55. Is p(8) prime?
True
Is (328414/8)/(((-102)/51)/(8*-1)) a prime number?
False
Let y = -41 + 25. Let b = y + -26. Is 18669/b*(-1 + -2 + 1) a prime number?
False
Let q = -87032 - -144059. Is q prime?
False
Let u = -351 - -354. Suppose u*d = -2*q + 33406, -13*d = -12*d. Is q prime?
True
Suppose -3*l + 18*l = 26835. Suppose -4*n + l = -267. Is n composite?
True
Let n = -79 + 84. Suppose 0 = -n*x + 2106 + 2239. Is x composite?
True
Suppose -2*d + 5 = -11. Suppose 0 = -11*u - d + 8. Suppose u = 5*c - 281 - 374. Is c composite?
False
Let x = -35 + 40. Suppose x*a - 14 = 3*l, 22 + 6 = 4*l + 5*a. Suppose -l*i = -6*i + 3124. Is i prime?
False
Let m = -306 + 294. Is 9/(-12)*26192/m composite?
False
Let c(f) = -f**2 - 4*f + 2. Let j be c(-4). Let v be (2 - -48)*(-1)/j. Is 1*4/10 + (-56115)/v prime?
False
Is (-141862)/(-16)*((-574)/(-41) - 6) composite?
True
Suppose -2*l - 2*y - 8296 = -l, 2*y = 4*l + 33164. Let t be l/7 + (-9)/21. Let o = t - -3302. Is o a composite number?
True
Let z = 423655 - 23904. Is z a composite number?
True
Let b = -106278 + 157352. Is b a prime number?
False
Let v = 44 + -40. Suppose -z = -v*z. Suppose 3*t = -z*j + j - 2542, 5124 = 2*j + 2*t. Is j a composite number?
False
Let o = -2548 + 4598. Suppose 0 = -2*i + a - 1695, 5*i + 6265 - o = -2*a. Let s = 969 - i. Is s a prime number?
False
Let m be (283461/(-5))/(-1) + 13/(-65). Suppose k = x - 18898, 7*x - m = 4*x + k. Is x a prime number?
False
Let r(i) = 398*i + 155. Let a(j) = -399*j - 156. Let l(m) = -5*a(m) - 4*r(m). Is l(19) a composite number?
False
Suppose 3*l + 5*h - 5849 = 0, 5*h + 6683 = 3*l + 874. Is l composite?
True
Let w = 48329 + 9942. Is w prime?
True
Let a(c) = c**3 - c - 1. Let o(w) = 4*w**3 + 2*w**2 - 4*w - 7. Let g(x) = -5*a(x) + o(x). Let z be g(2). Suppose 4*k - k - 1077 = z. Is k prime?
True
Let r be (-3)/(-4) + (-526935)/(-60). Suppose 40*a - r = 38*a + 3*k, -4*k - 13175 = -3*a. Is a prime?
False
Suppose -j + 2*f + 10578 = -4839, -j + f + 15419 = 0. Is j prime?
False
Suppose -126*p + 30318770 = -71431144. Is p prime?
True
Let z(d) = 33602*d + 70. Let c be z(16). Is 18/117 + (0 - c/(-26)) a composite number?
False
Suppose -a - l + 11963 = 0, 0 = 2*l - 3 + 1. Is a prime?
False
Let y be 26/6 + 6/9. Suppose -8*h + 70 - 46 = 0. Suppose 3*k - y*p = 222, 307 = h*k + k - 3*p. Is k a prime number?
True
Suppose -15*y = -10*y, 5*i = -2*y + 2090. Suppose -28*g + 29*g = 5*b + i, 423 = g - 4*b. Is g a prime number?
True
Suppose 8707334 = 33*b + 7*b + 2126094. Is b prime?
True
Let b = 2849 - -24199. Let x = -16855 + b. Is x a composite number?
False
Let r = 29822 - 12185. Is r a composite number?
True
Suppose -12 = -157*m + 153*m. Suppose -v = m*v + 4992. Let f = v + 3215. Is f prime?
False
Suppose -6*h + 14 = 2. Suppose -p = -i - 1383 + 7176, h*i - 11586 = -3*p. Is i prime?
False
Let m be (5 + (73737 - 5))/1. Suppose -3*b = -m - 5130. Suppose 4*k = 5*t - b, k - 4*k + 12 = 0. Is t composite?
False
Suppose -5*t + 34729 = -3*h, 9*t - 14*t - 4*h + 34743 = 0. Is t a prime number?
True
Let k(v) be the second derivative of 191*v**3/6 - 145*v**2/2 + 161*v. Is k(18) a composite number?
True
Let h be -26*(-3)/(36/6). Suppose 14*w - 5998 = h*w. Is w a composite number?
True
Suppose 74*t = 189*t + 8319931 - 40383426. Is t a composite number?
False
Let n(q) = 555*q**2 + 24*q + 941. Is n(28) prime?
False
Let b(a) = 3*a**3 + 10*a**2 + 6*a - 18. Suppose -2*l + 25 = 11. Is b(l) a composite number?
False
Suppose 4*o - 88 = 4*w, 4*o - 12 = -4. Let b be 3/((-30)/(-8))*w/(-8). Suppose 0 = 2*t - 2*h - 612, b*t = 4*t - h - 613. Is t a prime number?
True
Let f be 4/2 + (-45)/5. Is f/(63/(-6))*(1475 + -2) a composite number?
True
Suppose 13*t - 6605211 = -1871872. Is t prime?
True
Suppose -103647 + 57937 = -21*i + 64057. Is i prime?
True
Suppose 10*w - 60 = 3340. Suppose w*q - 336*q - 50284 = 0. Is q prime?
False
Let h = -63532 - -148811. Is h a prime number?
False
Let p = 101 - 92. Suppose 2 = v, -6*v + p*v + 4191 = 3*f. Is f composite?
False
Let g(h) be the second derivative of 7/6*h**4 - 18*h - 7/6*h**3 + 7/2*h**2 + 0. Is g(4) a composite number?
True
Let a(g) = 10*g**2 - 59*g + 38. Let l(i) = -21*i**2 + 119*i - 76. Let z(q) = 9*a(q) + 4*l(q). Is z(-27) prime?
True
Let u be (-212)/(-10) + (-19)/(-5) + -3. Let z be 34/8 - (u/(-8) - -3). Is -278*(z - 27/6) a composite number?
False
Suppose 3*k + 3*k = 0. Suppose k = -d + 2191 + 601. Suppose 0 = z - 5*z + 12, -2*z - d = -2*c. Is c composite?
False
Let o(t) = t**3 - 19*t**2 - 43*t + 21. Let a be o(21). Suppose -3*v + k = -v - 6367, a = v + 3*k - 3166. Is v a composite number?
False
Suppose 1211*p - 1214*p + 139599 = 0. Is p composite?
True
Let f(b) be the second derivative of -1/4*b**4 + 51/20*b**5 - 7/2*b**2 - 1/3*b**3 + 33*b + 0. Is f(3) a prime number?
False
Suppose 5*z + 3*p = -64, 0 = -2*z + 5*p - 54 + 16. Let v(h) = -108*h + 25. Is v(z) prime?
False
Let h = -475 + 475. Suppose 6*g - 11*g + 2435 = h. Is g a composite number?
False
Let p(c) = -1523*c**3 - c**2 - 21*c - 11. Is p(-4) prime?
False
Suppose 96 = -5*u - 3*c - 101, -5*c + 54 = -2*u. Let y = 72 + u. Is y composite?
True
Suppose d - 26533 = -5669. Suppose -2*p = 2*j - d, -4*j - 36*p + 41733 = -31*p. Is j composite?
False
Let q(j) = 7*j + 1. Let u be q(7). Let i be u/(-15)*7971/(-2). Suppose 5*b - 3*p = i, -3*b - 4*p + 7971 = -0*p. Is b a composite number?
False
Is 3/(-6) - 16264050/(-60) composite?
False
Suppose 2*y = 40*a - 44*a + 934984, -3*a - 5*y = -701259. Is a a composite number?
False
Suppose -3*c = -0*a + 3*a + 30930, 51556 = -5*c - 2*a. Let q = c + 18453. Is q prime?
False
Let c(u) be the third derivative of -u**6/40 + u**5/15 + 3*u**4/8 + 3*u**3/2 - 4*u**2 + 14*u. Is c(-7) a composite number?
False
Suppose 3*c + 3 = -3*l, 4*l + 4*c = -c - 9. Suppose 0 = -3*m + 73 - 67. Suppose -x = -m*a + 3848, 4*a + l*x - 3650 - 4034 = 0. Is a a composite number?
True
Let s = -1648046 + 2308065. Is s a prime number?
False
Let n(y) = -3*y - 16. Let b be n(-5). Let k be (134/4)/(b/(3 - 81)). Let x = k + -1354. Is x prime?
True
Is -2*((-1)/4*3)/((-6)/(-766492)) a composite number?
True
Let l = 5248 - -38269. Is l composite?
False
Let c(s) = 303*s + 23. Let t(r) = 305*r + 22. Let p(m) = 3*c(m) - 4*t(m). Suppose -5*u - 24 = -u. Is p(u) a prime number?
True
Suppose 2*b + 5*u = -3112, -5*b + 3*u - 7186 - 625 = 0. Suppose -13*m = -8*m + 11520. Let c = b - m. Is c composite?
False
Is 6 - 108/(-8)*10350/(15/5) a composite number?
True
Let j(l) = -473*l**3 - 5*l**2 - 471*l - 5533. Is j(-12) a composite number?
False
Let f(g) = 119 - 263*g - 40 - 55*g - 9*g. Is f(-22) composite?
True
Let n = 119077 + -71174. Is n composite?
False
Let j be (-44)/(-14) - (-4)/(-84)*3. Suppose -j*b + 3476 = -2851. Suppose -3503 = -5*i - q, -3*i + b = -2*q - q. Is i prime?
True
Let u(o) = -444 + 421 + 9*o - 32*o + 15*o**2 + o**3. Is u(-13) a prime number?
False
Suppose 3*j - 2*j = 3*i + 84460, -2*j - i = -168948. Is (j/6)/((-16)/(-12)) prime?
True
Let p be (0/(-8))/(2/2). Is 2 - 4 - -19321 - (0 - p) composite?
False
Let s be (-1159)/(-133) - (-2)/7. Is s/(315/20) - (-19911)/7 composite?
True
Let u = -53 - -89. Let h(v) = 4 - u - 7 + 31*v. Is h(20) a prime number?
False
Suppose 25*f - 41377 - 85723 = 0. Let a(y) = -3573*y. Let i be a(1). Let h = i + f. Is h prime?
True
Let g be 5 + 13/(-11) - (-2)/11. Is g - (1*3 + (-3870 - -6)) a prime number?
False
Let v be ((-8)/20)/(4/(-356280)). Let c = v + -22991. Is c a prime number?
True
Suppose -329744 + 69188 = -56*q + 44*q. Is q prime?
True
Let r(m) = 14883*m**2 + 71*m + 141. Is r(-2) a composite number?
True
Suppose -2 = -2*p - 6